e factors of q(3)?
1367
Suppose -n + 6*n + 3*d = 37, -n - 4*d = -21. List the prime factors of ((-2)/4)/(n/(-110)).
11
Suppose 5*n - 3831 + 791 = 0. Let p = 862 - n. What are the prime factors of p?
2, 127
Let s(l) = -l**3 - 2*l**2 + 2*l - 4. Let k(h) = -13 - 9*h**2 - h**3 + 44*h - 1 - 35*h. Let q be k(-10). What are the prime factors of s(q)?
2, 5
Let w be 19/38 + 2094/4. Suppose 2*l = 6*l - w. What are the prime factors of l?
131
Suppose -z = 3*r - 771, -14 = -3*r - 5. What are the prime factors of z?
2, 3, 127
Let l(s) be the second derivative of -s**5/20 + s**4/2 - 7*s**3/6 + 5*s**2/2 - 21*s. Suppose 2*n - 3*n = -4. What are the prime factors of l(n)?
3
Suppose -11*b + 180 = -9*b. Let m = b - 51. List the prime factors of m.
3, 13
Let k(o) be the third derivative of 0 - 3/2*o**3 + 1/8*o**4 + 0*o - 2*o**2. List the prime factors of k(10).
3, 7
Let q = 1869 - 1352. List the prime factors of q.
11, 47
Suppose -258 = 2*y + 334. Let h = -128 - y. List the prime factors of h.
2, 3, 7
Let a be (120/50 + -4)*(-20)/8. Let n(d) = -4*d**2 - 6*d + 3*d**2 + 3*d**2 + 1. What are the prime factors of n(a)?
3
Suppose -15*k + 16*k - 2556 = -4*h, -4*k + 4*h + 10184 = 0. List the prime factors of k.
2, 7, 13
Let p = -5313 + 9041. What are the prime factors of p?
2, 233
Let f be (1 + 1)/(4/6). Let b(t) = t**3 - 4*t**2 + 9*t - 14. Let u be b(3). Suppose -u*p - 44 = -f*h + 6, 4*p = h - 30. What are the prime factors of h?
2, 5
What are the prime factors of 1003 - 0 - (-90 - -86)?
19, 53
Let w = -84 + 85. List the prime factors of 72/24 + 2*w*74.
151
Suppose -37685 = -11*h - 4630. What are the prime factors of h?
5, 601
Let r = -15 + 22. Let x = 25 - r. List the prime factors of (-4)/x - (-101)/9.
11
Suppose -5*z = -3*c - 8472, 2 = -2*c + 4*c. List the prime factors of z.
3, 5, 113
Let f(l) = 2*l**2 - 2*l + 1. Let d be f(2). Suppose d*p - 3*t = -t + 19, 3*t = 2*p - 12. Suppose -7*o + 172 = -p*o. What are the prime factors of o?
43
Let k(s) = 863*s - 65. List the prime factors of k(1).
2, 3, 7, 19
Suppose l + 8087 = 4*l - 2*y, -5*l + 13485 = -2*y. List the prime factors of l.
2699
Suppose -5*b + 5 - 20 = 0. Let f be b + (-6)/(-2) + 12. Let l(i) = i + 17. What are the prime factors of l(f)?
29
Suppose -4*q + 667 = 4*d + 111, 2*d - 296 = 4*q. List the prime factors of d.
2, 71
Let b = 2 - 0. Suppose -10 = -3*w - b*w. Suppose 4*d + x = w*x + 87, -108 = -5*d + x. List the prime factors of d.
3, 7
Let h(p) = 2*p**2 + 4*p - 2. Let b be h(-4). Let s = 16 - b. What are the prime factors of ((-92)/(-2) - s) + 2?
2, 23
Let c(g) = g**2 - 93. List the prime factors of c(-42).
3, 557
Suppose 3*a = 2*h - 29, 2*h + 11 = -5*a - 0*a. Suppose h*s - 78 = 4*s. What are the prime factors of s?
2, 13
Suppose 4*k - 4460 = -17*u + 13*u, -k + 2 = 0. List the prime factors of u.
3, 7, 53
Let c be 298 + 5/((-5)/(-4)) + 2. What are the prime factors of (c/(-95))/((-1)/5)?
2
Let q = -1451 - -3147. List the prime factors of q.
2, 53
Let v be (166 - -11) + (-8)/(-2). Suppose 5*w = 3*u + 403, -54 - v = -3*w - 5*u. What are the prime factors of w?
2, 5
Let g(d) = 37*d**2 - d - 30. List the prime factors of g(5).
2, 5, 89
Suppose -4*w + 2505 = 2*j - 389, w + 5*j = 719. What are the prime factors of w?
2, 181
Let o(u) = 16*u**2 + 10*u + 32. Let c be o(-6). Suppose -x - b = 2*x - 413, 4*x - c = -4*b. List the prime factors of x.
2, 3, 23
Let v(d) = -294*d - 340. What are the prime factors of v(-14)?
2, 59
Let b(h) = -h**2 - 28*h - 36. List the prime factors of b(-15).
3, 53
Suppose 4*p - 2*d + 6*d = 56, -p = -5*d - 8. Suppose 2*u = -u + 3*s - 6, -4*s = u - p. Let z(h) = 6*h - 2. What are the prime factors of z(u)?
2
Let b(f) = 2*f**2 + 30*f + 21. What are the prime factors of b(-18)?
3, 43
Let y = 1451 + -495. What are the prime factors of y?
2, 239
Let d(v) be the third derivative of v**6/120 - v**5/60 + v**4/24 - v**3/3 + 2*v**2. List the prime factors of d(3).
19
Let b = 514 - 958. Let n be ((-3)/(-6))/((-3)/b). Let a = n - 31. What are the prime factors of a?
43
Suppose 22*x - 10750 = -3*x. What are the prime factors of x?
2, 5, 43
Suppose -2*w = -12*w + 16000. Suppose 883 = 13*u - w. List the prime factors of u.
191
Suppose 7 = 4*f + f + 2*a, 0 = -5*a - 20. Let x = 2 - -8. Suppose x = 2*y + f*y. What are the prime factors of y?
2
Suppose -2*w - 2534 = -3*n, -5*n = -6*n - 5*w + 822. What are the prime factors of n?
2, 421
Let b(j) = 9*j**2 + 2*j - 7. Let q be b(-4). Suppose -2*k - k = -l - 35, 3*k + q = -3*l. Let d = l - -74. What are the prime factors of d?
3, 11
Suppose 3*u - 1 = 5. Suppose 0 = v + 3 - 2, v + 243 = u*c. List the prime factors of c.
11
Let f(z) = -1 + 5*z + z + 0*z. Let t = 1 - 0. List the prime factors of f(t).
5
Let f = -2059 - -4810. What are the prime factors of f?
3, 7, 131
Let o(w) = w. Let r(g) = 7. Let y(x) = 2*o(x) - r(x). What are the prime factors of y(6)?
5
Suppose -p = 2*y - 158, -608 = -4*p - 4*y + 2*y. What are the prime factors of p?
2, 3, 5
Let b = 786 + -481. What are the prime factors of b?
5, 61
Suppose -2*i + 4*i = 0. Suppose i = -3*h + 6 - 3. Let r(y) = 4*y**2 - y. List the prime factors of r(h).
3
What are the prime factors of 10794/33 + (-3)/33?
3, 109
Let q(m) = -3*m**2 - 24*m + 2*m**2 + 18*m - 2. Let h be q(-9). Let b = -9 - h. List the prime factors of b.
2, 5
Suppose 384 = -12*f + 324. Let v = -4 - -9. What are the prime factors of (-5)/(v/2) - f?
3
Suppose 2*t + 3 = -b + 4, -3*b - 9 = 0. Suppose -t*i = -0*i - 60. Let p = i - 21. What are the prime factors of p?
3
Let p = 1438 - 738. List the prime factors of p.
2, 5, 7
Let j(p) = -p**3 - 37*p**2 - 9*p - 79. List the prime factors of j(-37).
2, 127
Let v(w) = -w**3 + 4*w**2 - 5*w + 6. Let l be v(3). Suppose g + 153 = 4*g. Suppose 3*o + l*o = g. What are the prime factors of o?
17
Let t = 1720 - 1061. What are the prime factors of t?
659
Suppose 10 = 2*g, 4*a - 3*g + 1 = 2. Suppose 19 = a*d - 109. List the prime factors of d.
2
Let a(g) be the third derivative of -13*g**4/24 + 16*g**2. What are the prime factors of a(-2)?
2, 13
Suppose 0 = -o - h + 3, -5*o = -h - 21. Let r be ((-6)/(-9) + (-8)/12)/(-5). Let d = r + o. What are the prime factors of d?
2
Let k(n) = 145*n + 608. What are the prime factors of k(8)?
2, 13, 17
Suppose -37*q - 105 = -42*q. Let x = 155 - q. What are the prime factors of x?
2, 67
List the prime factors of (-2422)/7*(1/(-2) + 0).
173
Let r be 6*(-2 + 45/6). Let i be 3 - -46*(-9)/(-6). Suppose -r = -3*n - 0*n - a, i = 5*n - 4*a. List the prime factors of n.
2, 3
Let a = 196 + -119. Let o = -18 - -55. Suppose 2*t + o + a = 4*w, 2*t - 42 = -2*w. What are the prime factors of w?
2, 13
Suppose 0 = 2*y - y + 2*u - 287, 3*y - 3*u - 843 = 0. List the prime factors of y.
283
Let x(k) = -k**3 - 6*k**2 + 4*k + 8. Let o be x(-6). Let b = o - -5. List the prime factors of (-8 - b)*74/6.
37
Suppose -5*s = 4*f - 2808, 4*f - 5*f - 1131 = -2*s. List the prime factors of s.
2, 3, 47
Suppose -2*g = 3*x - 820, 0 = -g - 6*x + 3*x + 410. What are the prime factors of g?
2, 5, 41
Let a = 2737 + -1634. What are the prime factors of a?
1103
Suppose 2*d + 51 = -d. Let n = -13 - d. Suppose -4*s + 3*y + 151 = -2*y, -4 = -n*y. List the prime factors of s.
3, 13
Suppose 8*a = -1474 + 5586. List the prime factors of a.
2, 257
Suppose 6239 = 15*r - 3601. List the prime factors of r.
2, 41
Let d(o) = -13*o + 6. Suppose -15 = 5*m + 3*f - 5*f, 0 = -5*m + 5*f - 15. What are the prime factors of d(m)?
3, 5
Let o = -98 + 225. Let g = -91 + o. What are the prime factors of g?
2, 3
Let w(t) = 279*t**2 - 3*t. What are the prime factors of w(1)?
2, 3, 23
Suppose 5*h - 175 - 365 = 0. Let m = h + -36. What are the prime factors of m?
2, 3
Let x(q) = q**3 - 8*q**2 + 18. Let w be x(8). What are the prime factors of (81/(-2))/((-9)/w)?
3
Suppose -3*l + 1 + 8 = 0. Suppose 0 = -3*x - y - 3 - 6, x + l*y + 3 = 0. What are the prime factors of (-161)/x - 5/(-15)?
2, 3
Let r(w) = -w**2 - 10*w - 11. Let k be r(-6). Suppose -k = -c - 0*c. Suppose -8*g = -c*g + 150. List the prime factors of g.
2, 3, 5
Suppose -2*l - 2*f = -3248, 270 = -5*l + 2*f + 8362. What are the prime factors of l?
2, 3, 5
Let v(l) = 65 - 30 - 35*l - 34. List the prime factors of v(-2).
71
Let r = -540 - -1506. What are the prime factors of r?
2, 3, 7, 23